
Evaluate -23 + (-22 - -23) + 76.
54
Evaluate -226 - -240 - (68 - -11 - 18).
-47
What is the value of 48 + (62 - 61) - 33?
16
8 - (-11 - (13 + -14)) - -54
72
Evaluate -40 + 6 - (-1 - (2 - 5 - 8)).
-44
What is the value of 14 + -15 - (5 - (-5 + -5))?
-16
Evaluate 13 - (33 + (-3 - 9 - 17)).
9
What is -2 + -45 - (-172 - -192)?
-67
Calculate -74 + (129 - 117) + 0 + 1 + 0 + -6.
-67
Evaluate (-124 + 13 - 77) + 97.
-91
Calculate -6 + (131 - 119) + (-10 - -2).
-2
Evaluate 15710 - 15621 - (47 + 0).
42
What is the value of 82 + (-62 - -12) + 8?
40
-6 + (56 - 27) + 5 + -30
-2
What is the value of 227 + -216 + (2 + -2 - 5) + 14?
20
Evaluate -63 + 74 - (21 - 32).
22
Calculate -15 - -2 - (-206 + 201) - -84 - (4 + -4).
76
What is the value of 51 - 0 - -5 - (-37 + 70 - 24)?
47
26 + -4 - 62 - -26 - (22 - 1)
-35
Evaluate 54 - 40 - (29 + -1) - (-68 + -6).
60
What is the value of (13 - (-18 + 53)) + -59?
-81
-10 + (8 + -23 + 5 - -13) + 9
2
-19 + (0 - (30 + -55))
6
What is 27 + 32 + -64 + 17?
12
What is the value of (-23 - (-1 - -1)) + (-17 - 15 - -36)?
-19
Calculate -47 + -22 + 14 + 38.
-17
Evaluate -555 - -524 - (1 + -5).
-27
Calculate -76 - (-155 + -97 + 87).
89
-25 + -13 + (8 - (44 - 23))
-51
What is -25 + 7 + (52 - 45)?
-11
What is 62 + (152 - 241) + (2 - -16)?
-9
Calculate 10 - ((22 - ((95 - -6) + 24)) + (6 - -2)).
105
What is (-206 - -105 - -139) + 18 + 0?
56
What is (79 - (-62 - -63)) + 7 + 16?
101
Calculate (-31 - -100) + (25 - 25).
69
What is the value of 24 + (44 - 121) + 30?
-23
What is (31 - -10 - 19 - -4) + -2 + 16?
40
6 - (15 - 27 - (-7 - 8) - -41)
-38
Evaluate -34 - (45 - 91) - (-2 + -23).
37
Evaluate 46 - (-41 - (-43 + -2)).
42
What is 33 + -108 - -48 - (-9 + -57)?
39
What is (84 + -147 - -44) + 0 + 0?
-19
What is the value of (-6 + 42 - 7) + -17 + 9 + 12?
33
What is 113 + (-340 - -87) + 19?
-121
(-7 + 31 - 29 - -21) + -51
-35
What is the value of -69 + (-2 + 26 + -10 - 12) - (-7 - -1)?
-61
Evaluate -38 - (-55 - (-7 - 2)).
8
What is the value of (52 - (-232 - -196)) + -1 + 29?
116
Evaluate 2 + -8 + (25 - ((-4 - 113) + -5 + 30)).
111
Calculate (14 - -4) + (-11 - -43) + -21 + 4.
33
Calculate (-235 - -242) + -1 + -15 + -33.
-42
Evaluate (-29 + -1 - -21) + 58 + 18.
67
-34 + (6 - 9) - (-683 + 694)
-48
What is the value of -5 + (9 - -4) - -1 - (-2 - 61 - 11)?
83
What is (-623 - -596) + (2 - (1 + -1)) + 2?
-23
Calculate -1 + 86 + -47 + -58.
-20
Evaluate -6 + (-40 - -17 - -48) + 41.
60
Calculate -5 + 31 + -3 - (28 + 6 + -24).
13
Evaluate (-17 - (-1 + -10 + 2)) + 11 - (49 + -24).
-22
Evaluate -20 + 4 + -3 + -29 + 45 - (-18 - -2).
13
Evaluate -134 - (-26 - -22 - -19 - -4).
-153
1252 - 1255 - (0 + 0 + 0) - -33
30
75 + -221 - -60 - -29
-57
Calculate -17 - (12 - (66 + 65)).
102
What is 3 - (-4 - 0 - (754 - 784))?
-23
Calculate (1 - 7) + 169 + -98.
65
-14 - (13 + (23 - -5 - 45))
-10
Calculate (43 - -6) + -211 + 176 + (-4 - (2 - -1)).
7
What is the value of 146 - 24 - (28 - (34 + 6 + -20))?
114
10 - (33 - (-32 + 89) - -19 - (0 - 78))
-63
What is the value of -7 - (20 - -16 - 74)?
31
Evaluate (-15 - -2) + (82 - 112).
-43
2 - -9 - (-308 - -178) - 31
110
What is 7 + -1 + 6 + 49 + (-105 - -76)?
32
9 + 27 + -15 + 5 + -7
19
(9 - (-2 + 5 - 4)) + -1 + 1 + -1
9
(2 - -7) + (-7 - -124 - (-14 + 25)) + -21
94
Evaluate -480 + 479 - (46 + -4).
-43
Evaluate (48 - 61) + 6 + -2 + 25.
16
What is (20 - (-27 + 49)) + 12 + 0 - 23?
-13
Evaluate 38 + (42 + -43 - 13).
24
What is the value of -22 + -116 + 11 + 56?
-71
Evaluate -738 - -755 - (-36 + -3).
56
Evaluate -9 + -12 + 41 + -17 - -7.
10
What is -1358 - -1367 - (59 + -1 + 2 + -3)?
-48
Evaluate 5 - -3 - (28 - (29 - 23)).
-14
Calculate 3 - (28 + -5 - -53).
-73
Calculate -2 - 4 - (-473 - -525).
-58
(26 - -13) + (7 - 6) - (8 + -10)
42
What is 11 + -33 + 8 - (-20 + (-18 + 7 - -11))?
6
What is the value of (-5 - ((-11 - -5) + -14 + -2)) + -104?
-87
Evaluate -85 - -1 - (3 - 2) - (-1908 + 1905).
-82
What is (-28 - -165) + -29 - 42?
66
What is 14 + (-24 + -24 - -61)?
27
Calculate -7 - ((16 - 8 - 5) + 6 + -52).
36
What is -28 + 37 - (-8 - 3 - -11)?
9
Calculate -15 + (59 - (-36 + 48 + -23)).
55
What is -38 + 0 + -140 + 184 + -79?
-73
7 - (-1 + -11) - (-5 + 17)
7
What is -38 - (62 + (-139 - -10))?
29
What is the value of 83 - (76 + -15 + -42)?
64
What is the value of 9 + (-6 + -8 - (-4 - -10)) + -2 + 9?
-4
Calculate -20 + 3 + (22 - 49) + 52.
8
12 + -21 + (-4 - (7 - 2)) + (35 - -33)
50
What is the value of 5 - (-9 - (21 + -3 - 15))?
17
What is the value of -7 + (43 - (-1 - 0)) + (-61 + 44 - -14)?
34
What is -2 - (73 + 76 + -119)?
-32
What is the value of (-42 - -9) + (-9 - (24 - 6))?
-60
Calculate (-24 - (-35 + 18 + 11) - (8 + 1)) + -5.
-32
Evaluate 7 - 3 - (0 + (78 - 3) - -7).
-78
What is 1 + -10 + 389 + -362 + -22?
-4
What is the value of 1509 - 1503 - (2 - 3)?
7
What is (-12 + 8 - 6 - -4) + (-34 - -7)?
-33
What is the value of -2 - (9 + -14 - ((0 - 3) + (15 - 9)))?
6
What is the value of (-18 - (-8 + 15 + 1)) + 12 + 58?
44
(-2413 - -2291) + 22 + (1 - (0 + 0))
-99
Evaluate -17 + -1 - 1 - (73 - (185 - 99)).
-6
What is 36 + -29 - (-6 + 0 - (-8 + 0 + 12))?
17
What is the value of -11 - -14 - ((-15 - -6) + (-5 - -39))?
-22
Evaluate (-13 - 8) + 120 + -89 + 63.
73
What is (-55 - -65) + (-16 - -4) + -1 + 2?
-1
What is -36 - -8 - -7 - (-504 + 554)?
-71
-31 - -52 - (-8 + 5 + -12)
36
(60 - 48) + (59 - -2) + -3 + 1
71
Calculate -3 + -1 + -18 + 2 + (-79 + 27 - -52).
-20
Calculate -22 + 7 + -7 + 5 + (-51 - -58) + 36.
26
What is the value of (-6 - 73) + (19 - (-17 + 41 + -3))?
-81
What is (-2 - 15 - (-6 + 4)) + 17 - 46?
-44
What is the value of (3 - 5) + -4 - (-15 + 10 + 1 + 77)?
-79
What is 6 + 1 + 2 + 15 + -9 + -10?
5
Calculate (-4 - -3) + 29 + 26.
54
(-55 + -9 - -40) + 10 + -1 + 69
54
Evaluate 4 + -86 + 68 + (-2 - 0).
-16
(-8 - -60) + 202 + -267
-13
What is the value of (52 - (11 - (25 - 38))) + -93?
-65
(56 - -2) + 0 + (10 - (9 + 6))
53
(77 - (54 - -75)) + 1 + 12
-39
What is 5 + -59 + (-5 - (7 - 27) - 11)?
-50
What is the value of 3 + -27 + 0 + 14 + -100 + (21 - 16)?
-105
-4 + 5 + -10 + (19 - (-19 + 25))
4
What is -1 + (11 + (22 - 59) - -5)?
-22
-118 + 28 - -134 - -55
99
Evaluate 4 - -39 - (99 - 76).
20
What is 45 + -37 + 32 + -40?
0
What is the value of 1307 + -1247 + (-10 - -2)?
52
Calculate 22 + (-450 - -351) + 18 + 0.
-59
Calculate (37 - (35 + 5)) + 1 + -10 + -3.
-15
What is -20 + -2 - (7 - (-67 + 39 + 21))?
-36
What is -6 + 0 + 4 + (139 - 148 - (1 - 49))?
37
What is the value of 65 - (22 + -23 - (-11 + -2))?
53
Evaluate (42 + (-40 - 16) - -14) + -1 + -60.
-61
Evaluate 26 - -56 - (-34 + (-20 + 17 - -15)).
104
2 - (48 - 16 - 46 - (-1 - 21))
-6
Evaluate 33 + -1 - (18 - 21 - -16 - 14 - -10).
23
What is 1 - 7 - (282 + -161 + -82)?
-45
3 + -20 + -4 - (561 - 589)
7
What is 6 + -22 + (23 - 41) + (-1 - 0)?
-35
What is the value of -5 + 50 + -55 + 30 + 4?
24
Calculate 80 - (94 + 47) - (0 + 8 + -1).
-68
What is -141 + (-76 - (-277 + -95))?
155
What is (-21 - (7 + 14 + -77)) + -138?
-103
Evaluate 65065 - 65079 - (0 - (145 + 1 - -2)).
134
What is -9 + -1 - (-25 + 42 + -7 + -9)?
-11
What is the value of -25 + -39 + 54 + -21?
-31
What is (0 - 61) + 118 + -49?
8
What is (-137 - (188 - 108)) + 96?
-121
What is the value of -112 - ((-31 - 54) + 18)?
-45
What is -8 - ((18 - (-6 - -10)) + 2 - (40 + -33))?
-17
Evaluate (-3 - (-20 + -10)) + -10 - (2 + -9).
24
Evaluate (-70 - -24 - -111) + -9 + 39.
95
Evaluate (0 - 1) + 15 + 147 + -1 + -130.
30
101 - (-20 - (2 - 13 - 28))
82
What is the value of -14 + -16 + (57 - 47) + -1 + 18?
-3
Evaluate (11 - (2 - (4 + (7 - 11)))) + -13.
-4
What is 3 - 8 - 2 - (-63 - 1 - 1)?
58
Evaluate 20 + (64 - 131) - (-2 + 8).
-53
Calculate -7 - (0 - (-4 + 16 + -9)) - (22 + -2).
-24
63 + (-52 - (17 - 73))
67
16 - (-76 + 69 - -66)
-43
What is the value of 7 + (7 - -1) + -35 + (4 + 8 - 1)?
-9
What is 16 - (-233 - -174) - (-3 + 19)?
59
35 + (7 - 51) - (2 - (3 - 17))
-25
-1 + 144 - (6 + 0) - (-251 - -264)
124
Evaluate (1 - -113 - -1) + (-21 - -3) + 75 + -51.
121
Evaluate -140 - -170 - (1 + 28).
1
Evaluate -28 + -1 + (172 - (-41 - -154)).
30
Evaluate 11 + (-19 + -4 - -14) + (4 - (-55 - 1)).
62
What is the value of (8 - (27 + 11)) + -62?
-92
Evaluate 46 + (32 - 73) - (-9 - 3).
17
What is the value of 8 + (27 - 0 - 0) - 110?
-75
(-2 - (1 - 35) - ((-